{"id":34,"date":"2016-12-13T14:16:06","date_gmt":"2016-12-13T13:16:06","guid":{"rendered":"http:\/\/pranameditation.de\/wordpress\/?page_id=34"},"modified":"2017-12-20T13:02:38","modified_gmt":"2017-12-20T12:02:38","slug":"prana-heilung","status":"publish","type":"page","link":"https:\/\/pranameditation.de\/?page_id=34","title":{"rendered":"Prana-Heilung"},"content":{"rendered":"<p><a href=\"http:\/\/pranameditation.de\/?page_id=440\">Zu den Videos..<\/a><\/p>\n<div id=\"attachment_311\" style=\"width: 310px\" class=\"wp-caption alignright\"><a href=\"http:\/\/pranameditation.de\/wp-content\/uploads\/2017\/07\/Scan10150.jpg\"><img loading=\"lazy\" decoding=\"async\" aria-describedby=\"caption-attachment-311\" class=\"wp-image-311 size-medium\" src=\"http:\/\/pranameditation.de\/wp-content\/uploads\/2017\/07\/Scan10150-300x205.jpg\" alt=\"\" width=\"300\" height=\"205\" srcset=\"https:\/\/pranameditation.de\/wp-content\/uploads\/2017\/07\/Scan10150-300x205.jpg 300w, https:\/\/pranameditation.de\/wp-content\/uploads\/2017\/07\/Scan10150-768x524.jpg 768w, https:\/\/pranameditation.de\/wp-content\/uploads\/2017\/07\/Scan10150-1024x699.jpg 1024w\" sizes=\"auto, (max-width: 300px) 100vw, 300px\" \/><\/a><p id=\"caption-attachment-311\" class=\"wp-caption-text\">Grand Master Choa Kuk Sui Begr\u00fcnder der Pranaheilung und des Arhatic Yoga<\/p><\/div>\n<p>&#8230; nach Grand Master Choa Kok Sui beruht auf dem Wissen \u00fcber die Gesetze der kosmischen Lebensenergie, genannt Prana. Prana-Heilung ist eine ber\u00fchrlose Heilmethode und f\u00fcr jeden gesunden Menschen erlernbar. Die Prana-Heilung erm\u00f6glicht zus\u00e4tzliche Alternativen des ganzheitlichen Heilens. Sie ist eine ideale Erg\u00e4nzung zur Schulmedizin, sie aktiviert die nat\u00fcrlichen Selbstheilungskr\u00e4fte.<\/p>\n<p><strong>Ein Einblick in eine revolution\u00e4re Methode<\/strong><br \/>\nPrana-Heilung ist eine Wissenschaft und die \u00e4lteste Form und Kunst des nat\u00fcrlichen Heilens. In jedem menschlichen K\u00f6rper ist Lebensenergie vorhanden. Diese ist f\u00fcr die Selbstheilung und Erhaltung unserer Gesundheit notwendig. Die Lebensenergie wird von unserem feinstofflichen K\u00f6rper (Aura) aufgenommen und durch die Energiezentren (Chakras) verteilt.<\/p>\n<div id=\"attachment_314\" style=\"width: 260px\" class=\"wp-caption alignleft\"><a href=\"http:\/\/pranameditation.de\/wp-content\/uploads\/2017\/07\/Master-Sai-Christa-Plakat.jpg\"><img loading=\"lazy\" decoding=\"async\" aria-describedby=\"caption-attachment-314\" class=\"wp-image-314 size-medium\" src=\"http:\/\/pranameditation.de\/wp-content\/uploads\/2017\/07\/Master-Sai-Christa-Plakat-250x300.jpg\" alt=\"\" width=\"250\" height=\"300\" srcset=\"https:\/\/pranameditation.de\/wp-content\/uploads\/2017\/07\/Master-Sai-Christa-Plakat-250x300.jpg 250w, https:\/\/pranameditation.de\/wp-content\/uploads\/2017\/07\/Master-Sai-Christa-Plakat-768x921.jpg 768w, https:\/\/pranameditation.de\/wp-content\/uploads\/2017\/07\/Master-Sai-Christa-Plakat-854x1024.jpg 854w, https:\/\/pranameditation.de\/wp-content\/uploads\/2017\/07\/Master-Sai-Christa-Plakat.jpg 873w\" sizes=\"auto, (max-width: 250px) 100vw, 250px\" \/><\/a><p id=\"caption-attachment-314\" class=\"wp-caption-text\">Master Sai Colleti Hauptlehrer und Koordinator<\/p><\/div>\n<p>Wenn unser Energiesystem sein Gleichgewicht verliert, z. B. durch Stress, \u00dcberbeanspruchung, falsche Ern\u00e4hrung, negative Emotionen usw., wird der physische K\u00f6rper krank. In diesem Zustand des erkrankten K\u00f6rpers werden durch die Prana-Heilungs-Anwendungen, welche ohne Ber\u00fchrung des physischen K\u00f6rpers erfolgen, die bestehenden Blockaden und Stauungen in der Aura beseitigt und durch neue Lebensenergie ersetzt. In Europa lehrt der indische Prana-und Yogalehrer Master Sai Cholleti die von Choa Kok Sui mit gro\u00dfem Erfolg praktizierte Prana-Methode und bildet auch die Lehrer in Deutschland aus.<\/p>\n<p>Demofilm: <strong><a href=\"https:\/\/www.youtube.com\/watch?v=yiNgrPGj6kU\" target=\"_blank\" rel=\"noopener\">https:\/\/www.youtube.com\/watch?v=yiNgrPGj6kU<\/a> \u00a0<\/strong><\/p>\n<p><strong>Durch die Prana-Heilmethode wird die Selbstheilung beschleunigt.<\/strong><br \/>\nSie beugt Krankheiten vor und ..<br \/>\n<a href=\"http:\/\/pranameditation.de\/wp-content\/uploads\/2017\/12\/pranichealingflyer_neu.pdf\">Zum Flyer Pranheilung<\/a><\/p>\n<p>&nbsp;<\/p>\n<ul>\n<li>erg\u00e4nzt die Schulmedizin und andere Heilverfahren<\/li>\n<li>beschleunigt die Aufl\u00f6sung von St\u00f6rungen, Ernergiestauungen und -m\u00e4ngeln<\/li>\n<li>der Heilungsprozess wird aktiviert und beschleunigt, auch bei akuten und chron. Erkrankungen<\/li>\n<li>st\u00e4rkt die physische,\u00a0psychische, mentale und emotionale Gesundheit<\/li>\n<li>f\u00f6rdert die Heilkraft und die spirituelle Entwicklung<\/li>\n<li>ist eine leicht zu erlernende Technik zur Selbstheilung durch Selbstanwendung<\/li>\n<li>Prana-Heilung ist ein bedeutendes Medium der Zukunft und Gesundheitsvorsorge<\/li>\n<\/ul>\n<p>&nbsp;<\/p>\n<p><strong>Wer kann diese Methode erlernen?<\/strong><br \/>\nPrana-Heilung erm\u00f6glicht jedem gewillten und durchschnittlich begabten Menschen, die Grundlagen des Prana-Heilens an einem\u00a0Wochenendseminar f\u00fcr eine ganzheitliche Gesundheitsvorsorge sowie Erleichterung\u00a0vieler Beschwerden f\u00fcr sich selbst, die Familie und Freunde zu erlernen.<\/p>\n<p>Erforderlich ist lediglich der Wille, sich als Kanal f\u00fcr die unverselle Heilenergie zu \u00f6ffnen, ein normales Konzantrationsverm\u00f6gen, Offenheit und ein gewisses Ma\u00df\u00a0an Ausdauer.<\/p>\n<p>Die Seminare Prana-Heilung\u00ae\u00a0nach Choa Kok Sui und sp\u00e4tere betreute \u00dcbungseinheiten werden nur von autorisierten Pranalehrern vom Institute f\u00fcr Inner Studies \/Manila unterrichtet.<\/p>\n","protected":false},"excerpt":{"rendered":"<p>Zu den Videos.. &#8230; nach Grand Master Choa Kok Sui beruht auf dem Wissen \u00fcber die Gesetze der kosmischen Lebensenergie, genannt Prana. Prana-Heilung ist eine ber\u00fchrlose Heilmethode und f\u00fcr jeden <a class=\"more-link\" href=\"https:\/\/pranameditation.de\/?page_id=34\">Continue Reading \u2192<\/a><\/p>\n","protected":false},"author":1,"featured_media":0,"parent":0,"menu_order":0,"comment_status":"closed","ping_status":"closed","template":"","meta":{"footnotes":""},"class_list":["post-34","page","type-page","status-publish","hentry"],"_links":{"self":[{"href":"https:\/\/pranameditation.de\/index.php?rest_route=\/wp\/v2\/pages\/34","targetHints":{"allow":["GET"]}}],"collection":[{"href":"https:\/\/pranameditation.de\/index.php?rest_route=\/wp\/v2\/pages"}],"about":[{"href":"https:\/\/pranameditation.de\/index.php?rest_route=\/wp\/v2\/types\/page"}],"author":[{"embeddable":true,"href":"https:\/\/pranameditation.de\/index.php?rest_route=\/wp\/v2\/users\/1"}],"replies":[{"embeddable":true,"href":"https:\/\/pranameditation.de\/index.php?rest_route=%2Fwp%2Fv2%2Fcomments&post=34"}],"version-history":[{"count":16,"href":"https:\/\/pranameditation.de\/index.php?rest_route=\/wp\/v2\/pages\/34\/revisions"}],"predecessor-version":[{"id":635,"href":"https:\/\/pranameditation.de\/index.php?rest_route=\/wp\/v2\/pages\/34\/revisions\/635"}],"wp:attachment":[{"href":"https:\/\/pranameditation.de\/index.php?rest_route=%2Fwp%2Fv2%2Fmedia&parent=34"}],"curies":[{"name":"wp","href":"https:\/\/api.w.org\/{rel}","templated":true}]}}