{"id":22,"date":"2016-12-13T15:14:59","date_gmt":"2016-12-13T14:14:59","guid":{"rendered":"http:\/\/pranameditation.de\/wordpress\/?page_id=22"},"modified":"2020-05-19T11:37:55","modified_gmt":"2020-05-19T09:37:55","slug":"meditation-2","status":"publish","type":"page","link":"https:\/\/pranameditation.de\/?page_id=22","title":{"rendered":"Meditation"},"content":{"rendered":"<p><strong><a href=\"http:\/\/pranameditation.de\/wp-content\/uploads\/2016\/12\/taube_02.gif\"><img loading=\"lazy\" decoding=\"async\" class=\"alignright size-full wp-image-8\" src=\"http:\/\/pranameditation.de\/wp-content\/uploads\/2016\/12\/taube_02.gif\" alt=\"\" width=\"170\" height=\"152\" \/><\/a>Aktuell: Online-Meditation<\/strong><br \/>\nIhr Beitrag f\u00fcr die Online-Meditation wird von mir komplett an die &#8222;Diakonie-Stiftung MitMenschlichkeit&#8220; gespendet.<\/p>\n<p><strong>Meditieren f\u00fcr den Frieden &amp; Selbstheilung<\/strong><br \/>\nDie &#8222;Doppelherz-Meditation&#8220; oder Meditation \u00fcber zwei Herzen wurde vom Begr\u00fcnder der Pranaheilung und des Arhatic-Yoga, Gro\u00dfmeister Choa Kok Sui, entwickelt. Sie soll im Rahmen des &#8222;Planetary Meditation for Peace&#8220; zum Weltfrieden beitragen, sowie der Bewusstwerdung und Selbstheilung der Meditierenden dienen.<\/p>\n<p align=\"center\"><strong>Der Frieden beginnt in DIR.<\/strong><\/p>\n<p>Nach Gruppen in Amerika, Australien, Indien und anderen asiatischen und europ\u00e4ischen L\u00e4ndern haben sich seit dem Mai 2000 auch bei uns in Deutschland Menschen zu dieser Praxis zusammengefunden.<br \/>\nIn Hamburg, Schl\u00fcterstra\u00dfe 4, Wrage Center und Schleswig-Holstein im Pranazentrum in Carlsh\u00f6he Haus 42, Eckernf\u00f6rde leitet Annkatrin Brodersen, die von Master Choa Kok Sui in Prana-Heilung und Meditation ausgebildet wurde, diese Meditationsgruppen. Inzwischen\u00a0 gibt es weitere Meditationsgruppenleiter\/innen in anderen Regionen.<\/p>\n<p>Die Meditation selbst besteht aus einem mit Worten von Choa Kok Sui angeleitetem Teil, in dem die Erde \u00fcber das Herz- und Kronen Energiezentrum und jedes Wesen auf unserem Planeten mit liebevoller Energie gesegnet werden, und einem Selbstheilungsteil, w\u00e4hrenddessen herab str\u00f6mendes wei\u00dfes Licht zur Heilung visualisiert wird.<\/p>\n<p>Die \u00fcbersch\u00fcssige g\u00f6ttliche Energie wird in die Erde geleitet, um zu deren Heilung und dem Frieden auf der Welt beizutragen. Die Wirkung der Meditation, die Teilnehmer als tiefenentspannend, Kraft spendend, Charakter st\u00e4rkend und heilend empfinden, wird durch das Praktizieren als Gruppe um ein Vielfaches verst\u00e4rkt.<br \/>\nWenn etwa sieben Menschen zusammen meditieren, multipliziert sich die Kraft und Energie um das Hundertfache.<\/p>\n<p><strong>Was passiert w\u00e4hrend der Meditation:<\/strong><br \/>\nEs str\u00f6mt g\u00f6ttliche Energie in den K\u00f6rper des Meditierenden und erf\u00fcllt die Person mit g\u00f6ttlichem Licht, Liebe und Kraft. Der Meditierende wird zum Kanal der g\u00f6ttlichen Energie.<\/p>\n<p>Spirituelle Menschen, die diese Meditation einige Zeit praktizieren, erfahren in funkelndes Licht eingeh\u00fcllt zu sein. Dieses strahlende, leuchtende Licht ist bei den Taoisten als himmlisches Chi bekannt.<br \/>\nDie Christen nennen es &#8222;Das Herabsteigen des heiligen Geistes&#8220;.<\/p>\n<p>Jemand, der regelm\u00e4\u00dfig meditiert, wird intuitiver, ausgeglichener und intelligenter. Falls er vor einem Problem steht, hat er die F\u00e4higkeit, das Problem direkt zu erkennen und die richtige L\u00f6sung schnell zu finden. Er kann Emotionen in seinem Umfeld mit liebevoller G\u00fcte begegnen, seine pers\u00f6nliche Wahrheit, und sein inneres Einssein mit allem was ist, gibt ihm St\u00e4rke, Kraft und Selbstvertrauen.<\/p>\n<p>Die Meditation f\u00fcr Frieden und Erleuchtung ist ein Dienst an der Welt. Die Segnungen, die der Meditierende aussendet zur Heilung der Erde, kann Frieden schaffen und kommt zu ihm als Heilung zur\u00fcck. Um die Erde mit liebevoller Freundlichkeit zu segnen, werden das Herz- und Kronenzentrum aktiviert und bei regelm\u00e4\u00dfiger Meditation dauerhaft vergr\u00f6\u00dfert und stabilisiert.<\/p>\n<p><strong>Geeignet f\u00fcr Menschen:<br \/>\n<\/strong>\u2022\u00a0 mit chronischen Krankheiten<br \/>\n\u2022\u00a0 mit Stress, Schmerzen, Verspannungen, Depressionen, Traumata, Trauerarbeit<br \/>\n\u2022\u00a0 mit Problemen und Schlaflosigkeit innerer Unruhe etc.<strong><br \/>\n<\/strong><br \/>\n<strong>Ungeeignet f\u00fcr Menschen:<\/strong><br \/>\n\u2022\u00a0 mit ernsten psychologischen Problemen<br \/>\n\u2022\u00a0 Schwangere<br \/>\n\u2022\u00a0 Herz -und Nierenkranke<br \/>\n\u2022\u00a0 Kinder unter sechzehn Jahren<br \/>\n\u2022\u00a0 Suchtkranke<br \/>\n\u2022\u00a0 sehr starke Raucher<\/p>\n","protected":false},"excerpt":{"rendered":"<p>Aktuell: Online-Meditation Ihr Beitrag f\u00fcr die Online-Meditation wird von mir komplett an die &#8222;Diakonie-Stiftung MitMenschlichkeit&#8220; gespendet. Meditieren f\u00fcr den Frieden &amp; Selbstheilung Die &#8222;Doppelherz-Meditation&#8220; oder Meditation \u00fcber zwei Herzen wurde <a class=\"more-link\" href=\"https:\/\/pranameditation.de\/?page_id=22\">Continue Reading \u2192<\/a><\/p>\n","protected":false},"author":1,"featured_media":0,"parent":0,"menu_order":0,"comment_status":"closed","ping_status":"closed","template":"","meta":{"footnotes":""},"class_list":["post-22","page","type-page","status-publish","hentry"],"_links":{"self":[{"href":"https:\/\/pranameditation.de\/index.php?rest_route=\/wp\/v2\/pages\/22","targetHints":{"allow":["GET"]}}],"collection":[{"href":"https:\/\/pranameditation.de\/index.php?rest_route=\/wp\/v2\/pages"}],"about":[{"href":"https:\/\/pranameditation.de\/index.php?rest_route=\/wp\/v2\/types\/page"}],"author":[{"embeddable":true,"href":"https:\/\/pranameditation.de\/index.php?rest_route=\/wp\/v2\/users\/1"}],"replies":[{"embeddable":true,"href":"https:\/\/pranameditation.de\/index.php?rest_route=%2Fwp%2Fv2%2Fcomments&post=22"}],"version-history":[{"count":13,"href":"https:\/\/pranameditation.de\/index.php?rest_route=\/wp\/v2\/pages\/22\/revisions"}],"predecessor-version":[{"id":1098,"href":"https:\/\/pranameditation.de\/index.php?rest_route=\/wp\/v2\/pages\/22\/revisions\/1098"}],"wp:attachment":[{"href":"https:\/\/pranameditation.de\/index.php?rest_route=%2Fwp%2Fv2%2Fmedia&parent=22"}],"curies":[{"name":"wp","href":"https:\/\/api.w.org\/{rel}","templated":true}]}}